Let d = o + 82. Let l = 80 - d. What is the units digit of l?
6
Let d be (3/(-6))/(2/(-16)) - 1. Suppose d + 27 = 10*j. What is the tens digit of 86*(3 - -1 - j)?
8
Suppose 3*y = -5*s + 4*y - 7, 2*y - 4 = 5*s. Let g be 294/15*10/s - 1. What is the tens digit of (-2)/(-2)*g*1/(-1)?
9
Suppose 0 = -2*w - 2*s + 16806, -2*s = 3*w - 6*s - 25223. What is the thousands digit of w?
8
Suppose 366*h - 248880 = 358*h. What is the thousands digit of h?
1
Let l be (-255)/(-5)*17/3. Let d = -1069 - -899. Let z = d + l. What is the tens digit of z?
1
Suppose 0 = 5*h + 3*s - 72602, -5*h - s + 62953 = -9641. What is the tens digit of h?
1
Let s(v) = -279*v + 4575. What is the thousands digit of s(-24)?
1
Suppose d + 0 = 4*v + 15, 6 = 5*d + 3*v. Suppose -2*n - 6 = 0, -t - n - d*n = 9. Suppose -t*o - 109 = -p, 4*p + o - 451 = -15. What is the hundreds digit of p?
1
Let w = -3694 + 12604. What is the units digit of w?
0
Suppose 0 = 2*j + q - 117274 - 31453, -5*q - 5 = 0. What is the units digit of j?
4
Suppose l - 10790 = -2*n, 0 = l - n - 4048 - 6745. What is the units digit of l?
2
Suppose 7*d + 6 = 4*d, -4*d = 4*x - 19324. What is the tens digit of x?
3
Suppose 2*a + 3*l - 2833 = 0, 77*a + 4*l = 75*a + 2830. What is the units digit of a?
1
Suppose 1084455 + 1395561 = 113*q + 118*q. What is the ten thousands digit of q?
1
Suppose 3*x - 15*p + 19*p = -66, 3*x = -3*p - 66. Let z = 261 + x. What is the units digit of z?
9
Let a(b) be the second derivative of -429*b**5/20 - b**3/6 - b**2 + 95*b. What is the units digit of a(-1)?
8
Let v = 5004 + -209. What is the units digit of v?
5
Let p = 54270 - 31340. What is the ten thousands digit of p?
2
Suppose 4*z + 5*b - 35 = 0, 2*z = -2*b - 2*b + 22. Suppose -z*l + 395 + 1025 = 0. What is the tens digit of l?
8
Suppose -17997 = -3*l - 5*k, -5*k - 23996 = -4*l - 10*k. What is the tens digit of l?
9
Let f be (-237)/(-9) - 6/(-27)*3. Let b = -34 - f. Let q = -58 - b. What is the units digit of q?
3
Let l = 54305 - 26081. What is the ten thousands digit of l?
2
Let h(b) = 13*b**3 + 3*b**2 + 5*b + 4. Let y be h(-2). Let a = 101 + y. What is the units digit of a/(-2)*(-574)/21?
1
Suppose -4*a + 100 = 340. Let j = a - -58. What is the units digit of 74*j/(-5) - (-4)/10?
0
Let t be 6/27 - 194/(-18) - -1. Let z(j) = 2*j - 24. Let n be z(t). Suppose n = -2*x - 4*x + 276. What is the units digit of x?
6
Let k = 1634 + -573. Suppose -3*j - 20 = -k. What is the units digit of j?
7
Let b(f) = 255*f - 1258. What is the thousands digit of b(34)?
7
Let s = 376 + -208. Suppose 4*x = 2*y - s, 5*x + 220 = 2*y + 3*y. Let w = 72 + x. What is the units digit of w?
2
Suppose 2*p - 5 + 15 = 0, -3*n - 1825 = 5*p. Let c = -15 + 22. What is the units digit of n/(-14) - (3 + (-22)/c)?
3
Let m(g) = -g**2 + 18*g - 30. Let c be m(16). Let q be ((-738)/30 - c) + 2/(-5). What is the units digit of 1/(574/(-776) + q/(-36))?
7
Let f(u) = 3*u**2 - 9*u - 23. Let l be f(-8). Suppose -l*r = -234*r - 6188. What is the units digit of r?
4
Let m = 573 + -568. Suppose -277 = 2*s - x - 691, 1033 = m*s - 2*x. What is the hundreds digit of s?
2
Let c be 51 + -57 - (-1 - 47). What is the tens digit of (-20 + 1)*c/(-2)?
9
Let i(l) = -l**2 - 17*l - 28. Let k be i(-15). Suppose k*b = -4*t + 3*b + 2205, -3*t = 2*b - 1651. What is the hundreds digit of t?
5
Let t(h) = 162*h + 3. Let n be t(1). What is the tens digit of n + (1 + -3 - 3)?
6
Suppose -10*u = -2383 - 11317. Let m = -495 + u. Suppose -37*g + m = -32*g. What is the hundreds digit of g?
1
Let j = -2216 + 3139. Suppose 5*z = 15, -5*z = -16*k + 20*k - j. What is the tens digit of k?
2
What is the tens digit of 10/((-110)/(-121)) - -3283?
9
Let h(u) = -u**3 - 7*u**2 - u + 14. Let c be 7 + -6 + 47/1. Let w = 40 - c. What is the units digit of h(w)?
6
Suppose -5*f = -2*g + 5360, -44*g - f = -39*g - 13427. What is the units digit of g?
5
Let s = -31 - -48. Suppose -d + 2*u + s = 0, 2*u + 2 = -6. Suppose 0 = 2*a - 8, 3*j - 3*a = d. What is the units digit of j?
7
Suppose 26 + 218 = u + 2*w, 956 = 4*u + 3*w. Suppose -u = -8*i + 1116. What is the units digit of i?
9
Let p(b) = -161*b**3 + 8*b**2 + 53*b + 392. What is the thousands digit of p(-6)?
5
Suppose -1 = -5*l + 9. Let j be 82/l + 16/8. Suppose -925 = -48*x + j*x. What is the hundreds digit of x?
1
Let q(w) = 5*w**2 - 16*w - 1748. What is the units digit of q(-62)?
4
Let l be (-3 + -118)*(49 + 5). What is the tens digit of (4/(-6))/(3/(l/4))?
6
Suppose -4*b + 3*d + 17 = 0, 3*b - 9 = -d + 2*d. Suppose 0 = 3*y - 15, -b*n + 9 = -6*n - 3*y. What is the units digit of 8/n*18/(-4)?
6
Let k be 18/9 - (-54 - (1 - 2)). Suppose 0 = -3*m + 5*b + 31 + 2, 5*m - k = -3*b. What is the units digit of 6624/132 - 2/m?
0
Let n be (285/60)/19*184. Suppose 0 = -2*p + p. Suppose -3*s - 5*y - n + 237 = p, -5*s + 5*y + 305 = 0. What is the tens digit of s?
6
Let q(y) = 427*y**2 + 176*y - 1421. What is the ten thousands digit of q(9)?
3
Suppose -4*j + 5*q = -27910, 0 = -j - 6*q + 4505 + 2487. What is the thousands digit of j?
6
Suppose -3*r = -53*r + 150. What is the units digit of r?
3
Let v be 10 + 0 + (0 - (1 + 1)). Suppose 56 = 3*k - 3*i + v*i, -44 = -3*k - 2*i. What is the units digit of 2/3 - (-1264)/k?
6
Suppose -26*s + 2*f = -21*s - 10171, 0 = -3*s + 3*f + 6108. What is the units digit of s?
3
Let x(y) = 65*y**2 + 1. Let c(n) = 2*n**3 + 14*n**2 + 8*n - 4. Let r be c(-6). Suppose -21 = f + 5*p, -5*f + 5*p + r = 5. What is the units digit of x(f)?
6
Let k = -180 + 9782. What is the units digit of k?
2
Let t be (-670)/4*4/(-5). Suppose 7*j - 3*j = -3*o - 566, j - 3*o + t = 0. Let y = -35 - j. What is the hundreds digit of y?
1
Let v = 6558 + 2306. What is the hundreds digit of v?
8
Let b = 85 + -83. Suppose b*g = u - 287, 13*u - 1443 = 8*u + 2*g. What is the hundreds digit of u?
2
Suppose -2*c + 0*u + 1742 = -3*u, 5*c - 4334 = -3*u. Suppose c = 4*l - 304. Suppose -4*v = -l - 167. What is the hundreds digit of v?
1
What is the tens digit of (0 - 1)/(-12 + 252175/21015)?
0
Suppose 22*y - 690 = 7*y. Suppose 4*o = -4*g - 52, -o = 3*g + 38 - 7. Let l = g + y. What is the units digit of l?
7
What is the hundreds digit of (11 + 1)*((-4513)/(-3))/((-54)/(-54))?
0
Suppose 27793 = 8*m + 13*m - 133193. What is the thousands digit of m?
7
Let a = -1048 + 1469. Suppose 4*o = 3*y + 850, 555 = -2*y + 2*o + 3*o. Let v = a + y. What is the units digit of v?
1
Suppose 73*f - 69*f - l - 24853 = 0, 0 = -5*f + 4*l + 31080. What is the units digit of f?
2
Let n(r) be the third derivative of r**4/24 - 7*r**3/6 - 23*r**2. Let p be n(12). Suppose -3*g - 5 = -p*k + 41, -5*k = 4*g - 32. What is the units digit of k?
8
Suppose -14285 = -5*n - 5*m, 2*m + 9781 = 4*n - 1677. Suppose 17*l + n = 7639. What is the hundreds digit of l?
2
Let j = 7668 + 2036. What is the units digit of j?
4
Let q(o) = 0*o - 26*o**2 - 35 - 3*o - o**3 + 3*o**2 - 4*o. Let n be q(-23). Let z = 379 - n. What is the hundreds digit of z?
2
Let i(u) = u**3 - 2*u**2 + 6*u + 4. Let w be i(3). Let p = 31 - w. Suppose r - b - 144 = p, r + 144 = 2*r - 5*b. What is the hundreds digit of r?
1
Let d = 1076 + -347. What is the tens digit of d?
2
Let u(z) = 2*z**2 + 0*z**2 - 835*z + 772*z - 229. What is the thousands digit of u(48)?
1
Let w = -948 - -1771. Suppose -w = -b - 163. What is the tens digit of b?
6
Let k = 267 - 625. Let b = -248 - k. What is the units digit of b?
0
Let k be 2/(-16) + 4104/576. Let q(y) = 45*y - 48. What is the hundreds digit of q(k)?
2
Let t = 4376 + -1548. What is the hundreds digit of t?
8
Let j(z) = z**3 + 13*z**2 + 8*z + 3. Suppose 0 = 4*n - 0*n + 3*k - 246, 0 = -2*n + 2*k + 116. Suppose -9*h + 4*h - n = 0. What is the units digit of j(h)?
1
Let q(k) = -2*k**3 - 166*k**2 + 38*k - 161. What is the thousands digit of q(-84)?
0
Suppose 2*w - 3304 = -3*w + 2*g, -w + 4*g = -650. Suppose -4*h = -9*h - 5*c + 1700, 2*h - 4*c - w = 0. What is the hundreds digit of h?
3
Let f = 10745 + -10227. What is the hundreds digit of f?
5
Suppose 25*h - 128 = 21*h. What is the units digit of (h/10)/((-2)/(-420))?
2
What is the tens digit of -20*((-1557)/4 - -16)?
6
Suppose 87945 = 1056*f - 1043*f. What is the units digit of f?
5
Let b(i) be the first derivative of 8*i**3/3 - 5*i**2 + 12*i + 9. What is the hundreds digit of b(-5)?
2
Suppose 